{"id":639,"date":"2020-03-09T14:41:26","date_gmt":"2020-03-09T17:41:26","guid":{"rendered":"https:\/\/colmed1.org.ar\/wp2\/?page_id=639"},"modified":"2023-09-11T13:54:10","modified_gmt":"2023-09-11T16:54:10","slug":"resoluciones-y-decreto-ley","status":"publish","type":"page","link":"https:\/\/colmed1.org.ar\/web\/index.php\/resoluciones-y-decreto-ley\/","title":{"rendered":"RESOLUCIONES y DECRETO &#8211; LEY"},"content":{"rendered":"<p>[et_pb_section fb_built=\u00bb1&#8243; custom_padding_last_edited=\u00bbon|phone\u00bb _builder_version=\u00bb4.16&#8243; background_color=\u00bbrgba(0,0,0,0)\u00bb custom_margin=\u00bb||||false|false\u00bb custom_margin_tablet=\u00bb\u00bb custom_margin_phone=\u00bb-69px||||false|false\u00bb custom_margin_last_edited=\u00bbon|phone\u00bb custom_padding=\u00bb0px|17px|||false|false\u00bb custom_padding_tablet=\u00bb\u00bb custom_padding_phone=\u00bb|0px|||false|false\u00bb global_colors_info=\u00bb{}\u00bb][et_pb_row column_structure=\u00bb3_4,1_4&#8243; use_custom_gutter=\u00bbon\u00bb gutter_width=\u00bb2&#8243; custom_padding_last_edited=\u00bbon|phone\u00bb _builder_version=\u00bb4.16&#8243; width=\u00bb100%\u00bb max_width=\u00bb2560px\u00bb module_alignment=\u00bbcenter\u00bb custom_margin=\u00bb-9px||||false|false\u00bb custom_margin_tablet=\u00bb\u00bb custom_margin_phone=\u00bb\u00bb custom_margin_last_edited=\u00bbon|desktop\u00bb custom_padding=\u00bb|||30px|false|false\u00bb custom_padding_tablet=\u00bb\u00bb custom_padding_phone=\u00bb0px|8px||8px|false|false\u00bb global_colors_info=\u00bb{}\u00bb][et_pb_column type=\u00bb3_4&#8243; _builder_version=\u00bb4.16&#8243; global_colors_info=\u00bb{}\u00bb][et_pb_text _builder_version=\u00bb4.16&#8243; text_font_size=\u00bb24px\u00bb text_line_height=\u00bb1.9em\u00bb header_font=\u00bb|700|||||||\u00bb header_font_size=\u00bb36px\u00bb width=\u00bb97%\u00bb width_tablet=\u00bb\u00bb width_phone=\u00bb\u00bb width_last_edited=\u00bbon|desktop\u00bb module_alignment=\u00bbcenter\u00bb custom_margin=\u00bb34px||||false|false\u00bb custom_padding=\u00bb||||false|false\u00bb header_text_align_tablet=\u00bb\u00bb header_text_align_phone=\u00bbcenter\u00bb header_text_align_last_edited=\u00bbon|phone\u00bb header_font_size_tablet=\u00bb\u00bb header_font_size_phone=\u00bb\u00bb header_font_size_last_edited=\u00bbon|phone\u00bb text_orientation_tablet=\u00bb\u00bb text_orientation_phone=\u00bbcenter\u00bb text_orientation_last_edited=\u00bbon|phone\u00bb global_colors_info=\u00bb{}\u00bb]<\/p>\n<p><a href=\"el-colegio\">El Colegio \/ <\/a><\/p>\n<h1>Resoluciones y Decreto &#8211; Ley<\/h1>\n<p>[\/et_pb_text][et_pb_divider _builder_version=\u00bb4.16&#8243; custom_margin=\u00bb3px|||||\u00bb custom_padding=\u00bb0px|||||\u00bb border_color_all=\u00bb#ffffff\u00bb border_color_bottom=\u00bbrgba(255,255,255,0.23)\u00bb global_colors_info=\u00bb{}\u00bb][\/et_pb_divider][et_pb_text _builder_version=\u00bb4.16&#8243; custom_margin=\u00bb|||17px||\u00bb global_colors_info=\u00bb{}\u00bb]<\/p>\n<p><strong><span>Resol C.S. 1019-2021\u00a0Consulta M\u00ednima Orientativa y Guardias<\/span><\/strong><br \/> VIGENCIA A PARTIR 1-7-2021<\/p>\n<p>[\/et_pb_text][et_pb_button button_url=\u00bbhttps:\/\/colmed1.org.ar\/web\/wp-content\/uploads\/2021\/07\/Resol-C.S.-1019-2021-Minima-Orientativa-Guardias.pdf\u00bb url_new_window=\u00bbon\u00bb button_text=\u00bbDescargar documento (PDF)\u00bb _builder_version=\u00bb4.22.1&#8243; custom_button=\u00bbon\u00bb button_icon=\u00bb&#x37;||divi||400&#8243; custom_margin=\u00bb|||16px||\u00bb hover_enabled=\u00bb0&#8243; global_colors_info=\u00bb{}\u00bb sticky_enabled=\u00bb0&#8243;][\/et_pb_button][et_pb_divider _builder_version=\u00bb4.16&#8243; custom_margin=\u00bb3px|||||\u00bb custom_padding=\u00bb0px|||||\u00bb border_color_all=\u00bb#ffffff\u00bb border_color_bottom=\u00bbrgba(255,255,255,0.23)\u00bb global_colors_info=\u00bb{}\u00bb][\/et_pb_divider][et_pb_text _builder_version=\u00bb4.16&#8243; custom_margin=\u00bb|||17px||\u00bb global_colors_info=\u00bb{}\u00bb]<\/p>\n<p><strong>Resol C.S. 1018-2021 HMC<\/strong><br \/>VIGENCIA A PARTIR 1-7-2021<\/p>\n<p>[\/et_pb_text][et_pb_button button_url=\u00bbhttps:\/\/colmed1.org.ar\/web\/wp-content\/uploads\/2021\/07\/Resol-C.S.-1018-2021-HMC.pdf\u00bb url_new_window=\u00bbon\u00bb button_text=\u00bbDescargar documento (PDF)\u00bb _builder_version=\u00bb4.22.1&#8243; custom_button=\u00bbon\u00bb button_icon=\u00bb&#x37;||divi||400&#8243; custom_margin=\u00bb|||16px||\u00bb hover_enabled=\u00bb0&#8243; global_colors_info=\u00bb{}\u00bb sticky_enabled=\u00bb0&#8243;][\/et_pb_button][et_pb_divider _builder_version=\u00bb4.16&#8243; custom_margin=\u00bb3px|||||\u00bb custom_padding=\u00bb0px|||||\u00bb border_color_all=\u00bb#ffffff\u00bb border_color_bottom=\u00bbrgba(255,255,255,0.23)\u00bb global_colors_info=\u00bb{}\u00bb][\/et_pb_divider][et_pb_text _builder_version=\u00bb4.16&#8243; custom_margin=\u00bb|||17px||\u00bb global_colors_info=\u00bb{}\u00bb]<\/p>\n<p><strong>REGLAMENTO SUMARIAL APROB. RESOL. 971<\/strong><br \/> VIGENCIA A PARTIR 1-4-2019<\/p>\n<p>[\/et_pb_text][et_pb_button button_url=\u00bbhttps:\/\/colmed1.org.ar\/web\/wp-content\/uploads\/2021\/04\/REGLAMENTO_SUMARIAL_APROB._RESOL._971_VIGENCIA_A_PARTIR__1-4-2019.pdf\u00bb url_new_window=\u00bbon\u00bb button_text=\u00bbDescargar documento (PDF)\u00bb _builder_version=\u00bb4.22.1&#8243; custom_button=\u00bbon\u00bb button_icon=\u00bb&#x37;||divi||400&#8243; custom_margin=\u00bb|||16px||\u00bb hover_enabled=\u00bb0&#8243; global_colors_info=\u00bb{}\u00bb sticky_enabled=\u00bb0&#8243;][\/et_pb_button][et_pb_divider _builder_version=\u00bb4.16&#8243; custom_margin=\u00bb3px|||||\u00bb custom_padding=\u00bb0px|||||\u00bb border_color_all=\u00bb#ffffff\u00bb border_color_bottom=\u00bbrgba(255,255,255,0.23)\u00bb global_colors_info=\u00bb{}\u00bb][\/et_pb_divider][et_pb_text _builder_version=\u00bb4.16&#8243; custom_margin=\u00bb|||17px||\u00bb global_colors_info=\u00bb{}\u00bb]<\/p>\n<p><strong>Resoluci\u00f3n 951 H.M.C. 2018<\/strong><\/p>\n<p>[\/et_pb_text][et_pb_button button_url=\u00bbhttps:\/\/colmed1.org.ar\/web\/wp-content\/uploads\/2021\/04\/Resol._951_H.M.C._2018.pdf\u00bb url_new_window=\u00bbon\u00bb button_text=\u00bbDescargar documento (PDF)\u00bb _builder_version=\u00bb4.22.1&#8243; custom_button=\u00bbon\u00bb button_icon=\u00bb&#x37;||divi||400&#8243; custom_margin=\u00bb|||16px||\u00bb hover_enabled=\u00bb0&#8243; global_colors_info=\u00bb{}\u00bb sticky_enabled=\u00bb0&#8243;][\/et_pb_button][et_pb_divider _builder_version=\u00bb4.16&#8243; custom_margin=\u00bb3px|||||\u00bb custom_padding=\u00bb0px|||||\u00bb border_color_all=\u00bb#ffffff\u00bb border_color_bottom=\u00bbrgba(255,255,255,0.23)\u00bb global_colors_info=\u00bb{}\u00bb][\/et_pb_divider][et_pb_text _builder_version=\u00bb4.16&#8243; custom_margin=\u00bb|||17px||\u00bb global_colors_info=\u00bb{}\u00bb]<\/p>\n<p><b>Resoluci\u00f3n 952 <br \/><\/b>Valor Minimo \u00c9tico y Guardias 2018<\/p>\n<p>[\/et_pb_text][et_pb_button button_url=\u00bbhttps:\/\/colmed1.org.ar\/web\/wp-content\/uploads\/2021\/04\/Resol._952_Valor_Minimo_Etico_y_Guardias_2018.pdf\u00bb url_new_window=\u00bbon\u00bb button_text=\u00bbDescargar documento (PDF)\u00bb _builder_version=\u00bb4.22.1&#8243; custom_button=\u00bbon\u00bb button_icon=\u00bb&#x37;||divi||400&#8243; custom_margin=\u00bb|||16px||\u00bb hover_enabled=\u00bb0&#8243; global_colors_info=\u00bb{}\u00bb sticky_enabled=\u00bb0&#8243;][\/et_pb_button][et_pb_divider _builder_version=\u00bb4.16&#8243; custom_margin=\u00bb3px|||||\u00bb custom_padding=\u00bb0px|||||\u00bb border_color_all=\u00bb#ffffff\u00bb border_color_bottom=\u00bbrgba(255,255,255,0.23)\u00bb global_colors_info=\u00bb{}\u00bb][\/et_pb_divider][et_pb_text _builder_version=\u00bb4.16&#8243; custom_margin=\u00bb|||17px||\u00bb global_colors_info=\u00bb{}\u00bb]<\/p>\n<p><b>Reglamento de Co-Propiedad<\/b><\/p>\n<p>[\/et_pb_text][et_pb_button button_url=\u00bbhttps:\/\/colmed1.org.ar\/web\/wp-content\/uploads\/2021\/04\/Reglamento_de_co-propiedad.pdf\u00bb url_new_window=\u00bbon\u00bb button_text=\u00bbDescargar documento (PDF)\u00bb _builder_version=\u00bb4.22.1&#8243; custom_button=\u00bbon\u00bb button_icon=\u00bb&#x37;||divi||400&#8243; custom_margin=\u00bb|||16px||\u00bb hover_enabled=\u00bb0&#8243; global_colors_info=\u00bb{}\u00bb sticky_enabled=\u00bb0&#8243;][\/et_pb_button][et_pb_divider admin_label=\u00bbSeparador\u00bb _builder_version=\u00bb4.16&#8243; custom_margin=\u00bb3px|||||\u00bb custom_padding=\u00bb0px|||||\u00bb border_color_all=\u00bb#ffffff\u00bb border_color_bottom=\u00bbrgba(255,255,255,0.23)\u00bb global_colors_info=\u00bb{}\u00bb][\/et_pb_divider][et_pb_text _builder_version=\u00bb4.16&#8243; custom_margin=\u00bb|||17px||\u00bb global_colors_info=\u00bb{}\u00bb]<\/p>\n<p><b>Resoluci\u00f3n 941\u00a0<br \/><\/b>Aprueba Reglamentar Habilitaci\u00f3n de Consultorio<\/p>\n<p>[\/et_pb_text][et_pb_button button_url=\u00bbhttps:\/\/colmed1.org.ar\/web\/wp-content\/uploads\/2021\/04\/RESOLOLUCION_941_APRUEBA_REGLAMENTAR_HABILITACION_CONSULTORIO.pdf\u00bb url_new_window=\u00bbon\u00bb button_text=\u00bbDescargar documento (PDF)\u00bb _builder_version=\u00bb4.22.1&#8243; custom_button=\u00bbon\u00bb button_icon=\u00bb&#x37;||divi||400&#8243; custom_margin=\u00bb|||16px||\u00bb hover_enabled=\u00bb0&#8243; global_colors_info=\u00bb{}\u00bb sticky_enabled=\u00bb0&#8243;][\/et_pb_button][et_pb_divider _builder_version=\u00bb4.16&#8243; custom_margin=\u00bb3px|||||\u00bb custom_padding=\u00bb0px|||||\u00bb border_color_all=\u00bb#ffffff\u00bb border_color_bottom=\u00bbrgba(255,255,255,0.23)\u00bb global_colors_info=\u00bb{}\u00bb][\/et_pb_divider][et_pb_text _builder_version=\u00bb4.16&#8243; custom_margin=\u00bb|||17px||\u00bb global_colors_info=\u00bb{}\u00bb]<\/p>\n<p><b>MODIFICACION DECRETO LEY 5413\/58\u00a0<br \/><\/b>NUEVO CODIGO DE \u00c9TICA<\/p>\n<p>[\/et_pb_text][et_pb_button button_url=\u00bbhttps:\/\/colmed1.org.ar\/web\/wp-content\/uploads\/2021\/04\/NUEVO_CODIGO_DE_ETICA-Resol950.pdf\u00bb url_new_window=\u00bbon\u00bb button_text=\u00bbDescargar documento (PDF)\u00bb _builder_version=\u00bb4.22.1&#8243; custom_button=\u00bbon\u00bb button_icon=\u00bb&#x37;||divi||400&#8243; custom_margin=\u00bb|||16px||\u00bb hover_enabled=\u00bb0&#8243; global_colors_info=\u00bb{}\u00bb sticky_enabled=\u00bb0&#8243;][\/et_pb_button][et_pb_divider _builder_version=\u00bb4.16&#8243; custom_margin=\u00bb3px|||||\u00bb custom_padding=\u00bb0px|||||\u00bb border_color_all=\u00bb#ffffff\u00bb border_color_bottom=\u00bbrgba(255,255,255,0.23)\u00bb global_colors_info=\u00bb{}\u00bb][\/et_pb_divider][et_pb_text admin_label=\u00bbTexto\u00bb _builder_version=\u00bb4.16&#8243; custom_margin=\u00bb|||17px||\u00bb global_colors_info=\u00bb{}\u00bb]<\/p>\n<p><b>Reglamento de Anuncios y Publicidad<\/b><span><\/span><\/p>\n<p>[\/et_pb_text][et_pb_button button_url=\u00bbhttps:\/\/colmed1.org.ar\/web\/wp-content\/uploads\/2021\/04\/REGLAMENTO_DE_ANUNCIOS_Y_PUBLICIDAD.pdf\u00bb url_new_window=\u00bbon\u00bb button_text=\u00bbDescargar documento (PDF)\u00bb _builder_version=\u00bb4.22.1&#8243; custom_button=\u00bbon\u00bb button_icon=\u00bb&#x37;||divi||400&#8243; custom_margin=\u00bb|||16px||\u00bb hover_enabled=\u00bb0&#8243; global_colors_info=\u00bb{}\u00bb sticky_enabled=\u00bb0&#8243;][\/et_pb_button][et_pb_divider _builder_version=\u00bb4.16&#8243; custom_margin=\u00bb3px|||||\u00bb custom_padding=\u00bb0px|||||\u00bb border_color_all=\u00bb#ffffff\u00bb border_color_bottom=\u00bbrgba(255,255,255,0.23)\u00bb global_colors_info=\u00bb{}\u00bb][\/et_pb_divider][et_pb_text _builder_version=\u00bb4.16&#8243; custom_margin=\u00bb|||17px||\u00bb global_colors_info=\u00bb{}\u00bb]<\/p>\n<p><b>Resoluci\u00f3n 914 <br \/><\/b>Valor M\u00ednimo \u00c9tico &#8211; 2017<\/p>\n<p>[\/et_pb_text][et_pb_button button_url=\u00bbhttps:\/\/colmed1.org.ar\/web\/wp-content\/uploads\/2021\/04\/Resol_914_CONS_MIN_ET_GUARDIAS.pdf\u00bb url_new_window=\u00bbon\u00bb button_text=\u00bbDescargar documento (PDF)\u00bb _builder_version=\u00bb4.22.1&#8243; custom_button=\u00bbon\u00bb button_icon=\u00bb&#x37;||divi||400&#8243; custom_margin=\u00bb|||16px||\u00bb hover_enabled=\u00bb0&#8243; global_colors_info=\u00bb{}\u00bb sticky_enabled=\u00bb0&#8243;][\/et_pb_button][et_pb_divider _builder_version=\u00bb4.16&#8243; custom_margin=\u00bb3px|||||\u00bb custom_padding=\u00bb0px|||||\u00bb border_color_all=\u00bb#ffffff\u00bb border_color_bottom=\u00bbrgba(255,255,255,0.23)\u00bb global_colors_info=\u00bb{}\u00bb][\/et_pb_divider][et_pb_text _builder_version=\u00bb4.16&#8243; custom_margin=\u00bb|||17px||\u00bb global_colors_info=\u00bb{}\u00bb]<\/p>\n<p><b>Resoluci\u00f3n 913 <br \/><\/b>Hora M\u00e9dico Colegio &#8211; 2017<\/p>\n<p>[\/et_pb_text][et_pb_button button_url=\u00bbhttps:\/\/colmed1.org.ar\/web\/wp-content\/uploads\/2021\/04\/Resol_913-2017.pdf\u00bb url_new_window=\u00bbon\u00bb button_text=\u00bbDescargar documento (PDF)\u00bb _builder_version=\u00bb4.22.1&#8243; custom_button=\u00bbon\u00bb button_icon=\u00bb&#x37;||divi||400&#8243; custom_margin=\u00bb|||16px||\u00bb hover_enabled=\u00bb0&#8243; global_colors_info=\u00bb{}\u00bb sticky_enabled=\u00bb0&#8243;][\/et_pb_button][et_pb_divider _builder_version=\u00bb4.16&#8243; custom_margin=\u00bb3px|||||\u00bb custom_padding=\u00bb0px|||||\u00bb border_color_all=\u00bb#ffffff\u00bb border_color_bottom=\u00bbrgba(255,255,255,0.23)\u00bb global_colors_info=\u00bb{}\u00bb][\/et_pb_divider][et_pb_text _builder_version=\u00bb4.16&#8243; custom_margin=\u00bb|||17px||\u00bb global_colors_info=\u00bb{}\u00bb]<\/p>\n<p><b>Resoluci\u00f3n 879<br \/><\/b>Valor M\u00ednimo \u00c9tico &#8211; 2016<\/p>\n<p>[\/et_pb_text][et_pb_button button_url=\u00bbhttps:\/\/colmed1.org.ar\/web\/wp-content\/uploads\/2021\/04\/RESOL.-879-VALOR-MIN.-ETICO-2016.pdf\u00bb url_new_window=\u00bbon\u00bb button_text=\u00bbDescargar documento (PDF)\u00bb _builder_version=\u00bb4.22.1&#8243; custom_button=\u00bbon\u00bb button_icon=\u00bb&#x37;||divi||400&#8243; custom_margin=\u00bb|||16px||\u00bb hover_enabled=\u00bb0&#8243; global_colors_info=\u00bb{}\u00bb sticky_enabled=\u00bb0&#8243;][\/et_pb_button][et_pb_divider _builder_version=\u00bb4.16&#8243; custom_margin=\u00bb3px|||||\u00bb custom_padding=\u00bb0px|||||\u00bb border_color_all=\u00bb#ffffff\u00bb border_color_bottom=\u00bbrgba(255,255,255,0.23)\u00bb global_colors_info=\u00bb{}\u00bb][\/et_pb_divider][et_pb_text _builder_version=\u00bb4.16&#8243; custom_margin=\u00bb|||17px||\u00bb global_colors_info=\u00bb{}\u00bb]<\/p>\n<p><b>Resoluci\u00f3n 878<br \/><\/b>Hora M\u00e9dico Colegio &#8211; 2016<\/p>\n<p>[\/et_pb_text][et_pb_button button_url=\u00bbhttps:\/\/colmed1.org.ar\/web\/wp-content\/uploads\/2021\/04\/RESOL-878-HMC-2016.pdf\u00bb url_new_window=\u00bbon\u00bb button_text=\u00bbDescargar documento (PDF)\u00bb _builder_version=\u00bb4.22.1&#8243; custom_button=\u00bbon\u00bb button_icon=\u00bb&#x37;||divi||400&#8243; custom_margin=\u00bb|||16px||\u00bb hover_enabled=\u00bb0&#8243; global_colors_info=\u00bb{}\u00bb sticky_enabled=\u00bb0&#8243;][\/et_pb_button][et_pb_divider _builder_version=\u00bb4.16&#8243; custom_margin=\u00bb3px|||||\u00bb custom_padding=\u00bb0px|||||\u00bb border_color_all=\u00bb#ffffff\u00bb border_color_bottom=\u00bbrgba(255,255,255,0.23)\u00bb global_colors_info=\u00bb{}\u00bb][\/et_pb_divider][et_pb_text _builder_version=\u00bb4.16&#8243; custom_margin=\u00bb|||17px||\u00bb global_colors_info=\u00bb{}\u00bb]<\/p>\n<p><b>Decreto 6732\/87<\/b><\/p>\n<p>[\/et_pb_text][et_pb_button button_url=\u00bbhttps:\/\/colmed1.org.ar\/web\/wp-content\/uploads\/2021\/04\/DECRETO-6732.pdf\u00bb url_new_window=\u00bbon\u00bb button_text=\u00bbDescargar documento (PDF)\u00bb _builder_version=\u00bb4.22.1&#8243; custom_button=\u00bbon\u00bb button_icon=\u00bb&#x37;||divi||400&#8243; custom_margin=\u00bb|||16px||\u00bb hover_enabled=\u00bb0&#8243; global_colors_info=\u00bb{}\u00bb sticky_enabled=\u00bb0&#8243;][\/et_pb_button][\/et_pb_column][et_pb_column type=\u00bb1_4&#8243; _builder_version=\u00bb4.16&#8243; background_enable_color=\u00bboff\u00bb custom_padding=\u00bb18px|18px|30px|18px|false|false\u00bb global_colors_info=\u00bb{}\u00bb][et_pb_sidebar _builder_version=\u00bb4.16&#8243; global_colors_info=\u00bb{}\u00bb][\/et_pb_sidebar][\/et_pb_column][\/et_pb_row][\/et_pb_section]<\/p>\n","protected":false},"excerpt":{"rendered":"<p>El Colegio \/ Resoluciones y Decreto &#8211; LeyResol C.S. 1019-2021\u00a0Consulta M\u00ednima Orientativa y Guardias VIGENCIA A PARTIR 1-7-2021Resol C.S. 1018-2021 HMCVIGENCIA A PARTIR 1-7-2021REGLAMENTO SUMARIAL APROB. RESOL. 971 VIGENCIA A PARTIR 1-4-2019Resoluci\u00f3n 951 H.M.C. 2018Resoluci\u00f3n 952 Valor Minimo \u00c9tico y Guardias 2018Reglamento de Co-PropiedadResoluci\u00f3n 941\u00a0Aprueba Reglamentar Habilitaci\u00f3n de ConsultorioMODIFICACION DECRETO LEY 5413\/58\u00a0NUEVO CODIGO DE \u00c9TICAReglamento [&hellip;]<\/p>\n","protected":false},"author":1,"featured_media":0,"parent":0,"menu_order":0,"comment_status":"closed","ping_status":"closed","template":"","meta":{"_et_pb_use_builder":"on","_et_pb_old_content":"","_et_gb_content_width":"","inline_featured_image":false,"footnotes":""},"class_list":["post-639","page","type-page","status-publish","hentry"],"_links":{"self":[{"href":"https:\/\/colmed1.org.ar\/web\/index.php\/wp-json\/wp\/v2\/pages\/639","targetHints":{"allow":["GET"]}}],"collection":[{"href":"https:\/\/colmed1.org.ar\/web\/index.php\/wp-json\/wp\/v2\/pages"}],"about":[{"href":"https:\/\/colmed1.org.ar\/web\/index.php\/wp-json\/wp\/v2\/types\/page"}],"author":[{"embeddable":true,"href":"https:\/\/colmed1.org.ar\/web\/index.php\/wp-json\/wp\/v2\/users\/1"}],"replies":[{"embeddable":true,"href":"https:\/\/colmed1.org.ar\/web\/index.php\/wp-json\/wp\/v2\/comments?post=639"}],"version-history":[{"count":39,"href":"https:\/\/colmed1.org.ar\/web\/index.php\/wp-json\/wp\/v2\/pages\/639\/revisions"}],"predecessor-version":[{"id":3344,"href":"https:\/\/colmed1.org.ar\/web\/index.php\/wp-json\/wp\/v2\/pages\/639\/revisions\/3344"}],"wp:attachment":[{"href":"https:\/\/colmed1.org.ar\/web\/index.php\/wp-json\/wp\/v2\/media?parent=639"}],"curies":[{"name":"wp","href":"https:\/\/api.w.org\/{rel}","templated":true}]}}