{"id":664,"date":"2020-03-09T15:02:34","date_gmt":"2020-03-09T18:02:34","guid":{"rendered":"https:\/\/colmed1.org.ar\/wp2\/?page_id=664"},"modified":"2024-07-24T11:25:09","modified_gmt":"2024-07-24T14:25:09","slug":"tramites-del-colegiado","status":"publish","type":"page","link":"https:\/\/colmed1.org.ar\/web\/index.php\/tramites-del-colegiado\/","title":{"rendered":"TRAMITES DEL COLEGIADO"},"content":{"rendered":"<p>[et_pb_section fb_built=\u00bb1&#8243; custom_padding_last_edited=\u00bbon|phone\u00bb _builder_version=\u00bb4.16&#8243; background_color=\u00bbrgba(0,0,0,0)\u00bb custom_margin=\u00bb||||false|false\u00bb custom_margin_tablet=\u00bb\u00bb custom_margin_phone=\u00bb-69px||||false|false\u00bb custom_margin_last_edited=\u00bbon|phone\u00bb custom_padding=\u00bb0px|17px|||false|false\u00bb custom_padding_tablet=\u00bb\u00bb custom_padding_phone=\u00bb|0px|||false|false\u00bb global_colors_info=\u00bb{}\u00bb][et_pb_row column_structure=\u00bb3_4,1_4&#8243; use_custom_gutter=\u00bbon\u00bb gutter_width=\u00bb2&#8243; custom_padding_last_edited=\u00bbon|phone\u00bb _builder_version=\u00bb4.16&#8243; width=\u00bb100%\u00bb max_width=\u00bb2560px\u00bb module_alignment=\u00bbcenter\u00bb custom_margin=\u00bb-9px||||false|false\u00bb custom_margin_tablet=\u00bb\u00bb custom_margin_phone=\u00bb\u00bb custom_margin_last_edited=\u00bbon|desktop\u00bb custom_padding=\u00bb|||30px|false|false\u00bb custom_padding_tablet=\u00bb\u00bb custom_padding_phone=\u00bb0px|8px||8px|false|false\u00bb global_colors_info=\u00bb{}\u00bb][et_pb_column type=\u00bb3_4&#8243; _builder_version=\u00bb4.16&#8243; global_colors_info=\u00bb{}\u00bb][et_pb_text _builder_version=\u00bb4.16&#8243; text_font_size=\u00bb24px\u00bb text_line_height=\u00bb1.9em\u00bb header_font=\u00bb|700|||||||\u00bb header_font_size=\u00bb36px\u00bb width=\u00bb97%\u00bb width_tablet=\u00bb\u00bb width_phone=\u00bb\u00bb width_last_edited=\u00bbon|desktop\u00bb module_alignment=\u00bbcenter\u00bb custom_margin=\u00bb37px||||false|false\u00bb custom_padding=\u00bb||||false|false\u00bb header_text_align_tablet=\u00bb\u00bb header_text_align_phone=\u00bbcenter\u00bb header_text_align_last_edited=\u00bbon|phone\u00bb header_font_size_tablet=\u00bb\u00bb header_font_size_phone=\u00bb\u00bb header_font_size_last_edited=\u00bbon|phone\u00bb text_orientation_tablet=\u00bb\u00bb text_orientation_phone=\u00bbcenter\u00bb text_orientation_last_edited=\u00bbon|phone\u00bb global_colors_info=\u00bb{}\u00bb]<\/p>\n<p><a href=\"el-colegio\">El Colegio \/ <\/a><\/p>\n<h1>Tr\u00e1mites del Colegiado<\/h1>\n<p>[\/et_pb_text][et_pb_divider _builder_version=\u00bb4.16&#8243; custom_margin=\u00bb3px|||||\u00bb custom_padding=\u00bb0px|||||\u00bb border_color_all=\u00bb#ffffff\u00bb border_width_bottom=\u00bb1px\u00bb border_color_bottom=\u00bbrgba(255,255,255,0.23)\u00bb global_colors_info=\u00bb{}\u00bb][\/et_pb_divider][et_pb_text _builder_version=\u00bb4.16&#8243; custom_margin=\u00bb||12px|19px||\u00bb global_colors_info=\u00bb{}\u00bb]<\/p>\n<h2>Nuestro personal Administrativo:<\/h2>\n<p>El horario de atenci\u00f3n al p\u00fablico, es de Lunes a Viernes de 8:00 a 16:00 hs.<br \/>Tambi\u00e9n podr\u00e1 comunicarse telef\u00f3nicamente a los siguientes n\u00fameros: (0221) 425-6311 \/ 445-4316 \/ 427-1997 \/ 427-0452<br \/>(internos detallados en la n\u00f3mina a continuaci\u00f3n)<\/p>\n<p>[\/et_pb_text][et_pb_text _builder_version=\u00bb4.16&#8243; custom_margin=\u00bb|||19px||\u00bb custom_padding=\u00bb31px|||||\u00bb global_colors_info=\u00bb{}\u00bb]<\/p>\n<p><span style=\"font-size: 22px;\">Tel\u00e9fonos y Correos electr\u00f3nicos:<\/span><\/p>\n<p><strong><\/strong><\/p>\n<p><strong>Mesa de Entrada:<\/strong><span>\u00a0<br \/><\/span>INTERNOS 29\u00a0 &#8211; 50<br \/>(<a href=\"mailto:mesadeentrada@colmed1.org.ar\">mesadeentrada@colmed1.org.ar<\/a>)<\/p>\n<p><strong>Tesorer\u00eda:<\/strong><span>\u00a0<br \/><\/span>INTERNOS 15 &#8211; 42 <br \/>(<a href=\"mailto:tesoreria@colmed1.org.ar\">tesoreria@colmed1.org.ar<\/a>)<\/p>\n<p><strong>Secretaria Administrativa:<\/strong><span>\u00a0<br \/><\/span>INTERNOS 16 &#8211; 11<\/p>\n<p><strong>Especialidades:<br \/><\/strong><span>\u00a0<\/span>INTERNO 20\u00a0 <br \/>(<a href=\"mailto:especialidades@colmed1.org.ar\">especialidades@colmed1.org.ar<\/a>)<\/p>\n<p><strong>E.S.E.M.:<br \/><\/strong><span>\u00a0<\/span>INTERNO 21<\/p>\n<p><strong>F.A.P.:<\/strong><span>\u00a0<br \/><\/span>INTERNO 17<br \/>URGENCIAS: (0221) 15 454-4337<\/p>\n<p><strong>\u00c9tica M\u00e9dica:<\/strong><span>\u00a0<br \/><\/span>INTERNO 38<\/p>\n<p>[\/et_pb_text][et_pb_divider _builder_version=\u00bb4.16&#8243; custom_margin=\u00bb3px|||||\u00bb custom_padding=\u00bb0px|||||\u00bb border_color_all=\u00bb#ffffff\u00bb border_width_bottom=\u00bb1px\u00bb border_color_bottom=\u00bbrgba(255,255,255,0.23)\u00bb global_colors_info=\u00bb{}\u00bb][\/et_pb_divider][et_pb_text _builder_version=\u00bb4.16&#8243; custom_margin=\u00bb36px|||19px||\u00bb global_colors_info=\u00bb{}\u00bb]<\/p>\n<h3>Descarga de Instructivos:<\/h3>\n<p>[\/et_pb_text][et_pb_button button_url=\u00bbhttps:\/\/colmed1.org.ar\/web\/wp-content\/uploads\/2024\/07\/INSTRUCTIVO_DE_MATRICULACION-2024.pdf\u00bb url_new_window=\u00bbon\u00bb button_text=\u00bbINSTRUCTIVO DE MATRICULACI\u00d3N (PDF)\u00bb _builder_version=\u00bb4.27.0&#8243; custom_button=\u00bbon\u00bb button_icon=\u00bb&#x37;||divi||400&#8243; custom_margin=\u00bb|||16px||\u00bb hover_enabled=\u00bb0&#8243; global_colors_info=\u00bb{}\u00bb sticky_enabled=\u00bb0&#8243;][\/et_pb_button][et_pb_button button_url=\u00bbhttps:\/\/colmed1.org.ar\/web\/wp-content\/uploads\/2024\/07\/INSTRUCTIVO_DE_INSCRIPCION-2024.pdf\u00bb url_new_window=\u00bbon\u00bb button_text=\u00bbINSTRUCTIVO DE INSCRIPCI\u00d3N (PDF)\u00bb _builder_version=\u00bb4.27.0&#8243; custom_button=\u00bbon\u00bb button_icon=\u00bb&#x37;||divi||400&#8243; custom_margin=\u00bb|||16px||\u00bb hover_enabled=\u00bb0&#8243; global_colors_info=\u00bb{}\u00bb sticky_enabled=\u00bb0&#8243;][\/et_pb_button][et_pb_button button_url=\u00bbhttps:\/\/colmed1.org.ar\/web\/wp-content\/uploads\/2021\/04\/INSTRUCTIVO_DE_HABILITACION_DE_CONSULTORIO.pdf\u00bb url_new_window=\u00bbon\u00bb button_text=\u00bbINSTRUCTIVO DE HABILITACI\u00d3N DE CONSULTORIO (PDF)\u00bb _builder_version=\u00bb4.22.1&#8243; custom_button=\u00bbon\u00bb button_icon=\u00bb&#x37;||divi||400&#8243; custom_margin=\u00bb|||15px||\u00bb global_colors_info=\u00bb{}\u00bb][\/et_pb_button][et_pb_button button_url=\u00bbhttps:\/\/colmed1.org.ar\/web\/wp-content\/uploads\/2021\/04\/FORMULARIO_CANCELACION_DEFINITIVA.pdf\u00bb url_new_window=\u00bbon\u00bb button_text=\u00bbFORMULARIO CANCELACI\u00d3N DEFINITIVA (PDF)\u00bb _builder_version=\u00bb4.22.1&#8243; custom_button=\u00bbon\u00bb button_icon=\u00bb&#x37;||divi||400&#8243; custom_margin=\u00bb|||15px||\u00bb global_colors_info=\u00bb{}\u00bb][\/et_pb_button][et_pb_button button_url=\u00bbhttps:\/\/colmed1.org.ar\/web\/wp-content\/uploads\/2021\/04\/FORMULARIO_DE_REHABILITACION_POR_CANCELACION_DEFINITIVA.pdf\u00bb url_new_window=\u00bbon\u00bb button_text=\u00bbFORMULARIO DE REHABILITACI\u00d3N POR CANCELACI\u00d3N DEFINITIVA (PDF)\u00bb _builder_version=\u00bb4.22.1&#8243; custom_button=\u00bbon\u00bb button_icon=\u00bb&#x37;||divi||400&#8243; custom_margin=\u00bb|||15px||\u00bb global_colors_info=\u00bb{}\u00bb][\/et_pb_button][et_pb_button button_url=\u00bbhttps:\/\/colmed1.org.ar\/web\/wp-content\/uploads\/2021\/04\/FORMULARIO_DE_CANCELACION_POR_ENFERMEDAD.pdf\u00bb url_new_window=\u00bbon\u00bb button_text=\u00bbFORMULARIO DE CANCELACI\u00d3N POR ENFERMEDAD (PDF)\u00bb _builder_version=\u00bb4.22.1&#8243; custom_button=\u00bbon\u00bb button_icon=\u00bb&#x37;||divi||400&#8243; custom_margin=\u00bb|||15px||\u00bb global_colors_info=\u00bb{}\u00bb][\/et_pb_button][et_pb_button button_url=\u00bbhttps:\/\/colmed1.org.ar\/web\/wp-content\/uploads\/2021\/04\/FORMULARIO_DE_REHABILITACION_POR_CANCELACION_TRANSITORIA_O_ENFERMEDAD.pdf\u00bb url_new_window=\u00bbon\u00bb button_text=\u00bbFORMULARIO DE REHABILITACI\u00d3N POR CANCELACI\u00d3N TRANSITORIA O ENFERMEDAD (PDF)\u00bb _builder_version=\u00bb4.22.1&#8243; custom_button=\u00bbon\u00bb button_icon=\u00bb&#x37;||divi||400&#8243; custom_margin=\u00bb|||15px||\u00bb global_colors_info=\u00bb{}\u00bb][\/et_pb_button][et_pb_button button_url=\u00bbhttps:\/\/colmed1.org.ar\/web\/wp-content\/uploads\/2021\/04\/FORMULARIO_DE_BAJA_DE_MATRICULA_POR_EGRESO_A_OTRO_DISTRITO.pdf\u00bb url_new_window=\u00bbon\u00bb button_text=\u00bbFORMULARIO DE BAJA DE MATR\u00cdCULA POR EGRESO A OTRO DISTRITO (PDF)\u00bb _builder_version=\u00bb4.22.1&#8243; custom_button=\u00bbon\u00bb button_icon=\u00bb&#x37;||divi||400&#8243; custom_margin=\u00bb|||15px||\u00bb global_colors_info=\u00bb{}\u00bb][\/et_pb_button][et_pb_button button_url=\u00bbhttps:\/\/colmed1.org.ar\/web\/wp-content\/uploads\/2021\/04\/FORMULARIO_DE_CANCELACION_POR_FALLECIMIENTO.pdf\u00bb url_new_window=\u00bbon\u00bb button_text=\u00bbFORMULARIO DE CANCELACI\u00d3N POR FALLECIMIENTO (PDF)\u00bb _builder_version=\u00bb4.22.1&#8243; custom_button=\u00bbon\u00bb button_icon=\u00bb&#x37;||divi||400&#8243; custom_margin=\u00bb|||15px||\u00bb global_colors_info=\u00bb{}\u00bb][\/et_pb_button][et_pb_button button_url=\u00bbhttps:\/\/colmed1.org.ar\/web\/wp-content\/uploads\/2021\/04\/FORMULARIO_DE_CANCELACION_POR_JUBILACION.pdf\u00bb url_new_window=\u00bbon\u00bb button_text=\u00bbFORMULARIO DE CANCELACI\u00d3N POR JUBILACI\u00d3N (PDF)\u00bb _builder_version=\u00bb4.22.1&#8243; custom_button=\u00bbon\u00bb button_icon=\u00bb&#x37;||divi||400&#8243; custom_margin=\u00bb|||15px||\u00bb global_colors_info=\u00bb{}\u00bb][\/et_pb_button][et_pb_button button_url=\u00bbhttps:\/\/colmed1.org.ar\/web\/wp-content\/uploads\/2021\/04\/INSTRUCTIVO_DE_HABILITACION_DE_CONSULTORIO-1.pdf\u00bb url_new_window=\u00bbon\u00bb button_text=\u00bbINSTRUCTIVO DE HABILITACI\u00d3N DE CONSULTORIO (PDF)\u00bb _builder_version=\u00bb4.22.1&#8243; custom_button=\u00bbon\u00bb button_icon=\u00bb&#x37;||divi||400&#8243; custom_margin=\u00bb|||15px||\u00bb global_colors_info=\u00bb{}\u00bb][\/et_pb_button][et_pb_button button_url=\u00bbhttps:\/\/colmed1.org.ar\/web\/wp-content\/uploads\/2021\/04\/FORMULARIO_DE_HABILITACION_DE_CONSULTORIO.pdf\u00bb url_new_window=\u00bbon\u00bb button_text=\u00bbFORMULARIO DE HABILITACI\u00d3N DE CONSULTORIO (PDF)\u00bb _builder_version=\u00bb4.25.0&#8243; custom_button=\u00bbon\u00bb button_icon=\u00bb&#x37;||divi||400&#8243; custom_margin=\u00bb|||15px||\u00bb global_colors_info=\u00bb{}\u00bb][\/et_pb_button][et_pb_button button_url=\u00bbhttps:\/\/colmed1.org.ar\/web\/wp-content\/uploads\/2021\/04\/OBJECION_DE_CONCIENCIA.pdf\u00bb url_new_window=\u00bbon\u00bb button_text=\u00bbNota modelo para Objeci\u00f3n de Conciencia (Ley n\u00ba 27.610)\u00bb _builder_version=\u00bb4.22.1&#8243; custom_button=\u00bbon\u00bb button_icon=\u00bb&#x37;||divi||400&#8243; custom_margin=\u00bb|||15px||\u00bb global_colors_info=\u00bb{}\u00bb][\/et_pb_button][\/et_pb_column][et_pb_column type=\u00bb1_4&#8243; _builder_version=\u00bb4.16&#8243; background_enable_color=\u00bboff\u00bb custom_padding=\u00bb18px|18px|30px|18px|false|false\u00bb global_colors_info=\u00bb{}\u00bb][et_pb_sidebar _builder_version=\u00bb4.16&#8243; global_colors_info=\u00bb{}\u00bb][\/et_pb_sidebar][\/et_pb_column][\/et_pb_row][\/et_pb_section]<\/p>\n","protected":false},"excerpt":{"rendered":"<p>El Colegio \/ Tr\u00e1mites del ColegiadoNuestro personal Administrativo: El horario de atenci\u00f3n al p\u00fablico, es de Lunes a Viernes de 8:00 a 16:00 hs.Tambi\u00e9n podr\u00e1 comunicarse telef\u00f3nicamente a los siguientes n\u00fameros: (0221) 425-6311 \/ 445-4316 \/ 427-1997 \/ 427-0452(internos detallados en la n\u00f3mina a continuaci\u00f3n)Tel\u00e9fonos y Correos electr\u00f3nicos: Mesa de Entrada:\u00a0INTERNOS 29\u00a0 &#8211; 50(mesadeentrada@colmed1.org.ar) Tesorer\u00eda:\u00a0INTERNOS [&hellip;]<\/p>\n","protected":false},"author":1,"featured_media":0,"parent":0,"menu_order":0,"comment_status":"closed","ping_status":"closed","template":"","meta":{"_et_pb_use_builder":"on","_et_pb_old_content":"","_et_gb_content_width":"","inline_featured_image":false,"footnotes":""},"class_list":["post-664","page","type-page","status-publish","hentry"],"_links":{"self":[{"href":"https:\/\/colmed1.org.ar\/web\/index.php\/wp-json\/wp\/v2\/pages\/664","targetHints":{"allow":["GET"]}}],"collection":[{"href":"https:\/\/colmed1.org.ar\/web\/index.php\/wp-json\/wp\/v2\/pages"}],"about":[{"href":"https:\/\/colmed1.org.ar\/web\/index.php\/wp-json\/wp\/v2\/types\/page"}],"author":[{"embeddable":true,"href":"https:\/\/colmed1.org.ar\/web\/index.php\/wp-json\/wp\/v2\/users\/1"}],"replies":[{"embeddable":true,"href":"https:\/\/colmed1.org.ar\/web\/index.php\/wp-json\/wp\/v2\/comments?post=664"}],"version-history":[{"count":60,"href":"https:\/\/colmed1.org.ar\/web\/index.php\/wp-json\/wp\/v2\/pages\/664\/revisions"}],"predecessor-version":[{"id":3898,"href":"https:\/\/colmed1.org.ar\/web\/index.php\/wp-json\/wp\/v2\/pages\/664\/revisions\/3898"}],"wp:attachment":[{"href":"https:\/\/colmed1.org.ar\/web\/index.php\/wp-json\/wp\/v2\/media?parent=664"}],"curies":[{"name":"wp","href":"https:\/\/api.w.org\/{rel}","templated":true}]}}