{"id":726,"date":"2020-03-09T15:52:27","date_gmt":"2020-03-09T18:52:27","guid":{"rendered":"https:\/\/colmed1.org.ar\/wp2\/?page_id=726"},"modified":"2023-09-12T10:50:50","modified_gmt":"2023-09-12T13:50:50","slug":"contacto","status":"publish","type":"page","link":"https:\/\/colmed1.org.ar\/web\/index.php\/contacto\/","title":{"rendered":"CONTACTO"},"content":{"rendered":"<p>[et_pb_section fb_built=\u00bb1&#8243; custom_padding_last_edited=\u00bbon|phone\u00bb _builder_version=\u00bb4.16&#8243; background_color=\u00bbrgba(0,0,0,0)\u00bb custom_margin=\u00bb||||false|false\u00bb custom_margin_tablet=\u00bb\u00bb custom_margin_phone=\u00bb-69px||||false|false\u00bb custom_margin_last_edited=\u00bbon|phone\u00bb custom_padding=\u00bb0px|17px|||false|false\u00bb custom_padding_tablet=\u00bb\u00bb custom_padding_phone=\u00bb|0px|||false|false\u00bb global_colors_info=\u00bb{}\u00bb][et_pb_row column_structure=\u00bb3_4,1_4&#8243; use_custom_gutter=\u00bbon\u00bb gutter_width=\u00bb2&#8243; custom_padding_last_edited=\u00bbon|phone\u00bb _builder_version=\u00bb4.16&#8243; width=\u00bb100%\u00bb width_tablet=\u00bb\u00bb width_phone=\u00bb95%\u00bb width_last_edited=\u00bbon|phone\u00bb max_width=\u00bb100%\u00bb custom_margin=\u00bb-9px||||false|false\u00bb custom_margin_tablet=\u00bb\u00bb custom_margin_phone=\u00bb\u00bb custom_margin_last_edited=\u00bbon|desktop\u00bb custom_padding=\u00bb||5px|30px|false|false\u00bb custom_padding_tablet=\u00bb\u00bb custom_padding_phone=\u00bb0px|0px||0px|false|false\u00bb global_colors_info=\u00bb{}\u00bb][et_pb_column type=\u00bb3_4&#8243; _builder_version=\u00bb4.16&#8243; custom_padding_tablet=\u00bb\u00bb custom_padding_phone=\u00bb||||false|false\u00bb custom_padding_last_edited=\u00bbon|phone\u00bb global_colors_info=\u00bb{}\u00bb][et_pb_text _builder_version=\u00bb4.16&#8243; text_font_size=\u00bb24px\u00bb text_line_height=\u00bb1.9em\u00bb header_font=\u00bb|700|||||||\u00bb header_font_size=\u00bb36px\u00bb width=\u00bb97%\u00bb width_tablet=\u00bb\u00bb width_phone=\u00bb\u00bb width_last_edited=\u00bbon|desktop\u00bb module_alignment=\u00bbcenter\u00bb custom_margin=\u00bb36px||||false|false\u00bb custom_padding=\u00bb||||false|false\u00bb header_text_align_tablet=\u00bb\u00bb header_text_align_phone=\u00bbcenter\u00bb header_text_align_last_edited=\u00bbon|phone\u00bb header_font_size_tablet=\u00bb\u00bb header_font_size_phone=\u00bb\u00bb header_font_size_last_edited=\u00bbon|phone\u00bb text_orientation_tablet=\u00bb\u00bb text_orientation_phone=\u00bbcenter\u00bb text_orientation_last_edited=\u00bbon|phone\u00bb global_colors_info=\u00bb{}\u00bb]<\/p>\n<h1>V\u00edas de Contacto<\/h1>\n<p>[\/et_pb_text][et_pb_text _builder_version=\u00bb4.22.1&#8243; custom_margin=\u00bb|||15px||\u00bb custom_padding=\u00bb||0px|||\u00bb global_colors_info=\u00bb{}\u00bb]<\/p>\n<h2 class=\"subtitulo-autoridades\"><strong>Tel\u00e9fonos<\/strong><\/h2>\n<p class=\"titulo-autoridades\">(0221) 425-6311<br \/>(0221) 445-4316<\/p>\n<p class=\"titulo-autoridades\">\n<h2 class=\"subtitulo-autoridades\"><strong>Correos electr\u00f3nicos<\/strong><\/h2>\n<p class=\"titulo-autoridades\"><strong>Mesa de Entrada:<\/strong><br \/><a href=\"mailto:mesadeentrada@colmed1.org.ar\">mesadeentrada@colmed1.org.ar<\/a><\/p>\n<p><strong>Tesorer\u00eda:<\/strong><br \/><a href=\"mailto:tesoreria@colmed1.org.ar\">tesoreria@colmed1.org.ar<\/a><\/p>\n<p>&nbsp;<\/p>\n<h2 class=\"subtitulo-autoridades\"><strong>Tel\u00e9fonos de urgencia<\/strong><\/h2>\n<p class=\"titulo-autoridades\"><strong>Asesoramiento Responsabilidad Profesional &#8211; Guardia:<br \/><\/strong>(0221) 15 454-4337<\/p>\n<p class=\"titulo-autoridades\">\n<p class=\"titulo-autoridades\">\n<h2 class=\"subtitulo-autoridades\"><strong>Denuncia Penal &#8211; V\u00eda email<\/strong><\/h2>\n<p><b>DENUNCIA PENAL &#8211; VIA E \u2013 MAIL<\/b><br \/>(Podr\u00e1 usar GMAIL de tel\u00e9fono)<br \/>Podr\u00e1 realizar su denuncia las 24 hs del d\u00eda, todos los d\u00edas del a\u00f1o a nuestro correo:<\/p>\n<p><a href=\"mailto:denunciaslaplata@mpba.gov.ar\">denunciaslaplata@mpba.gov.ar<\/a><\/p>\n<p>Donde mediante un relato ordenado nos indique:<\/p>\n<p>&#8211; D\u00eda, horario y lugar del hecho<br \/>&#8211; Datos del denunciante (nombre y apellido, DNI, direcci\u00f3n, tel\u00e9fono de contacto)<br \/>-Datos del o los denunciados<br \/>-Datos de testigos (si posee)<br \/>-Adjunte documentaci\u00f3n de inter\u00e9s para la investigaci\u00f3n (formato .pdf)<\/p>\n<p>Una vez ingresada la denuncia, se le informar\u00e1 por el mismo medio<br \/>el n\u00famero de IPP y la UFI asignada.<\/p>\n<p>[\/et_pb_text][\/et_pb_column][et_pb_column type=\u00bb1_4&#8243; _builder_version=\u00bb4.16&#8243; background_color=\u00bbrgba(0,0,0,0)\u00bb custom_padding=\u00bb18px|18px|30px|18px|false|false\u00bb global_colors_info=\u00bb{}\u00bb][et_pb_sidebar _builder_version=\u00bb4.16&#8243; global_colors_info=\u00bb{}\u00bb][\/et_pb_sidebar][\/et_pb_column][\/et_pb_row][\/et_pb_section]<\/p>\n","protected":false},"excerpt":{"rendered":"<p>V\u00edas de ContactoTel\u00e9fonos (0221) 425-6311(0221) 445-4316 Correos electr\u00f3nicos Mesa de Entrada:mesadeentrada@colmed1.org.ar Tesorer\u00eda:tesoreria@colmed1.org.ar &nbsp; Tel\u00e9fonos de urgencia Asesoramiento Responsabilidad Profesional &#8211; Guardia:(0221) 15 454-4337 Denuncia Penal &#8211; V\u00eda email DENUNCIA PENAL &#8211; VIA E \u2013 MAIL(Podr\u00e1 usar GMAIL de tel\u00e9fono)Podr\u00e1 realizar su denuncia las 24 hs del d\u00eda, todos los d\u00edas del a\u00f1o a nuestro correo: [&hellip;]<\/p>\n","protected":false},"author":1,"featured_media":0,"parent":0,"menu_order":0,"comment_status":"closed","ping_status":"closed","template":"","meta":{"_et_pb_use_builder":"on","_et_pb_old_content":"","_et_gb_content_width":"","inline_featured_image":false,"footnotes":""},"class_list":["post-726","page","type-page","status-publish","hentry"],"_links":{"self":[{"href":"https:\/\/colmed1.org.ar\/web\/index.php\/wp-json\/wp\/v2\/pages\/726","targetHints":{"allow":["GET"]}}],"collection":[{"href":"https:\/\/colmed1.org.ar\/web\/index.php\/wp-json\/wp\/v2\/pages"}],"about":[{"href":"https:\/\/colmed1.org.ar\/web\/index.php\/wp-json\/wp\/v2\/types\/page"}],"author":[{"embeddable":true,"href":"https:\/\/colmed1.org.ar\/web\/index.php\/wp-json\/wp\/v2\/users\/1"}],"replies":[{"embeddable":true,"href":"https:\/\/colmed1.org.ar\/web\/index.php\/wp-json\/wp\/v2\/comments?post=726"}],"version-history":[{"count":12,"href":"https:\/\/colmed1.org.ar\/web\/index.php\/wp-json\/wp\/v2\/pages\/726\/revisions"}],"predecessor-version":[{"id":3377,"href":"https:\/\/colmed1.org.ar\/web\/index.php\/wp-json\/wp\/v2\/pages\/726\/revisions\/3377"}],"wp:attachment":[{"href":"https:\/\/colmed1.org.ar\/web\/index.php\/wp-json\/wp\/v2\/media?parent=726"}],"curies":[{"name":"wp","href":"https:\/\/api.w.org\/{rel}","templated":true}]}}